j(p) = -p**2. Let t(o) = 4*o**2 + 6*o + 5. Let h(l) = 2*j(l) + t(l). Suppose -59 - 37 = 24*r. Give h(r).
13
Suppose 2*u - 3*j = -2*u - 1, 2*u = -2*j + 10. Suppose u*f = f + 2. Let x(a) = -84*a**3 + 40*a**3 + 1 + 40*a**3 - f*a. Determine x(1).
-5
Let y(s) = 4*s**2 - 5*s**2 + s**3 - 8*s**2 + 16*s - s. Determine y(7).
7
Let d(a) be the third derivative of -a**4/8 + 4*a**3 - 101*a**2. Calculate d(10).
-6
Suppose 55 = 15*r + 220. Let f(q) = -4*q - 42. Give f(r).
2
Let j = -11 - -20. Suppose -f + 5 = j. Let w(y) = -7*y. Let r(p) = p. Let d(g) = -6*r(g) - w(g). Calculate d(f).
-4
Suppose 0 = -0*w + 9*w - 126. Let r = w - 20. Let l(x) = -x**2 - 6*x + 5. Calculate l(r).
5
Let f(g) = g**2 + 10*g + 29. Let p be f(-5). Let y(h) = 0 - 3*h + 1 + h**2 + 0*h**2. Calculate y(p).
5
Let k(m) = m**3 + 12*m**2 + 11*m + 2. Let o be k(-11). Let r(u) = -3*u - o*u - 3 - 7*u. Calculate r(-2).
21
Suppose 2 = -2*q, 4 + 9 = -3*x + 2*q. Let r(f) = -f**3 - 5*f**2 + 2*f + 5. Calculate r(x).
-5
Let t be 3/(-12)*5*-4. Suppose t*j - 3*u - 21 = 0, 3*j + 3*u - 4 = -1. Let s(v) = -v + 3*v + 8*v + j - 2*v. What is s(-2)?
-13
Suppose -4*k = -4*j - 52, -3*j - 20*k = -25*k + 51. Let r(s) = -9 - s - s + 0*s. What is r(j)?
5
Let l(f) = -5 + 3 - 3*f + 4 + 0 + f. Let w(q) = -2*q + 5. Let y be w(4). What is l(y)?
8
Let g(n) = -5*n**2 + 12*n - 9. Let k(d) = 12*d**2 - 25*d + 19. Let p(j) = 7*g(j) + 3*k(j). Give p(-6).
-24
Let y(w) = -3*w**3 + w - 1. Suppose 7 = m + 3*z, 2*m + 0*z + 3*z - 8 = 0. What is y(m)?
-3
Let u(l) = -18*l - 3. Let b(x) = -6*x - 1. Suppose -35 = 4*q - c, q + 0*q + 3*c = 1. Let t(p) = q*b(p) + 3*u(p). Calculate t(-1).
5
Suppose 2*l - 2*f + 2 = 0, -13 = 53*l - 52*l + 5*f. Let o(y) = -y**2 + 5*y + 7. What is o(l)?
-17
Suppose 0*v = -v - 5*o + 28, -3*o = -v + 12. Let s(m) = 359 + v*m - 5*m - 360. What is s(1)?
12
Let r = 663 - 653. Let l(m) be the first derivative of -1/3*m**3 - 3*m + 3*m**2 + r. Calculate l(5).
2
Let z(y) be the second derivative of y**4/6 - y**3/2 - y**2/2 - 14*y + 3. Let q(b) = 3*b. Let t be q(-5). Let l be t/9 + (-2)/6. Determine z(l).
13
Let z(y) = y**3 + 4*y**2 - y - 3. Let s = 127 + -65. Let f = -94 + s. Let v be 15/(-4) + 8/f. Determine z(v).
1
Suppose 5*j - 50 = -145. Let d = 2 - 15. Let l = j - d. Let p(q) = -q**2 - 4*q - 2. Give p(l).
-14
Let z(y) = 2 - 45*y - 5*y**2 + 22*y + 20*y. Determine z(2).
-24
Let f(l) = 2*l - 6. Let z(b) = 2*b**3 - 48*b**2 - b + 21. Let c be z(24). What is f(c)?
-12
Let h(u) = 54 - 68 + 20 + 5*u. Determine h(-3).
-9
Let m(d) = 6*d**2 - 3 - 9*d**2 + 3*d + 2*d**2. Let p = 49 - 47. What is m(p)?
-1
Let f(r) = -r**3 - 45*r**2 - 42*r + 89. Let z be f(-44). Let h(n) = -10*n + 2. Determine h(z).
-8
Let p(t) = -t**3 + 9*t**2 + 11*t - 13. Let x = 261 - 251. Give p(x).
-3
Let d(t) = -262*t - t**2 + 2*t**2 + 260*t + 0*t**2. Suppose -l + 6 = 2, 12 = -2*p + 4*l. Determine d(p).
0
Let w(f) = -14*f**3 - 4*f**2 - 9*f + 2. Let l(t) = 17*t**3 + 5*t**2 + 11*t - 2. Let c(q) = 4*l(q) + 5*w(q). Give c(1).
-1
Suppose -4*z = -8, -7*p + 3*z + 10 = -5*p. Let a(g) = -6*g**2 + 2*g - 10. Let b(y) = -7*y**2 + y - 11. Let s(t) = 6*a(t) - 5*b(t). Determine s(p).
-13
Let k(s) = 2*s**2 - 12*s + 17. Let j(t) = 3*t**2 - 13*t + 18. Let x(n) = 3*j(n) - 4*k(n). What is x(-10)?
-4
Suppose 0 = 6*d - 9*d. Suppose 3*f + 5*b - 7 = d, -2*f - b = 2*f - 15. Let s(z) = -25*z + 3 + 11*z + 11*z + 2. Calculate s(f).
-7
Let k(r) = r**2 + 7*r - 5. Suppose -3*h + 24 + 0 = 0. Suppose t - 1 = 2*f + 9, -t + h = -3*f. Suppose -3*z - t = -z. Calculate k(z).
-5
Let g(u) be the second derivative of -1/6*u**3 + 0*u**2 - 3/20*u**5 + 2*u + 0*u**4 + 0. Calculate g(1).
-4
Let h(g) = -3882*g**3 + 3883*g**3 + 7*g + 2*g**2 - 3*g - 3*g**2 + 3. Suppose 2 = -j - 0. Calculate h(j).
-17
Suppose -k + 2 = -w, -k + 0 = 5*w + 28. Let r(d) = 6*d**2 + 12*d - 4. Let z(q) = -7*q**2 - 13*q + 5. Let a(x) = w*z(x) - 6*r(x). Give a(-7).
-1
Let o(n) = -n**2 + 22*n - 57. Let d be o(19). Let t(v) = -v**2 + v + 26. Give t(d).
26
Let a(p) = -25*p**3 - p**2. Let w(x) = x**2 - 10*x + 15. Let z be w(8). What is a(z)?
24
Suppose -16 = -2*r - 11*j + 14*j, 5*r + 3*j - 19 = 0. Let p(l) = -2*l + 18*l**3 + 7 - 5*l**2 - 9*l**3 + l - 8*l**3. Give p(r).
2
Let y(a) be the second derivative of 5*a**3/6 - a**2/2 + 2*a + 13. Determine y(-2).
-11
Let v = 62 + -43. Suppose -45 = -4*n - 4*b + v, -25 = -n - 4*b. Suppose -5*k - 12 = -2*i, 2*i - 4*k - n + 3 = 0. Let d(l) = 3*l + 1. What is d(i)?
4
Suppose 0 = 2*o - 283 + 299. Let v(c) = c**3 + 9*c**2 + 8*c - 4. Calculate v(o).
-4
Let k(o) = -o**2 + 2*o - 3. Let u(b) = -3*b + 3. Let q be (1 - 0)/((-6)/30). Let i(d) = q*k(d) - 4*u(d). Give i(-2).
19
Suppose -69*a + 96 = -53*a. Suppose -3*d - 13 = 5*w, -d - 4*w = -1 - 4. Let f = d + a. Let y(z) = z**2 + 6*z - 2. Give y(f).
-7
Suppose -5*a + 2*z = -a + 6, -5 = a + 3*z. Let i(k) = -k**3 - 4*k**2 - 2*k + 1. Calculate i(a).
-3
Let r(w) = -9*w - 10. Let i(q) = 5*q + 5. Let s be (5/15)/(3/99). Let n(a) = s*i(a) + 6*r(a). What is n(-6)?
-11
Let u(t) be the first derivative of -t**3/3 + 3*t**2/2 + 4*t + 15. Suppose -3*d + 0 + 15 = 0. What is u(d)?
-6
Let y(a) be the third derivative of -a**4/6 + 3*a**3 - 4*a**2. Let z be y(6). Let m(n) = n**2 + 6*n + 4. Give m(z).
4
Let b(k) = -2*k**2 + 3*k + 2. Let y(q) = -18*q - 149. Let c(z) = -9*z - 74. Let o(w) = -5*c(w) + 3*y(w). Let x be o(-9). Give b(x).
-18
Let z(v) = -v**2 - 6. Let t(c) = c**2 + 7. Let g(l) = 5*t(l) + 6*z(l). Let k be (-4)/16 - (-63)/(-4). Let o be 4/14 + k/7. What is g(o)?
-5
Let r(a) be the first derivative of 1/3*a**3 + 6*a + 3*a**2 - 3. Let g(f) be the first derivative of r(f). Give g(-4).
-2
Let t(b) = -2*b**2 - 21*b - 7. Let s be 8/16*-40 - -10. Calculate t(s).
3
Let k(b) = -b + 8. Let h(g) = -g + 9. Let v be 0 - (8/(-4) + (-12)/(-2)). Let j(l) = v*k(l) + 3*h(l). What is j(-6)?
-11
Let h(o) = o**3 - o**2 - o + 1. Let x(k) = 3*k**2 + 19*k + 6. Suppose 4*r = 3*v - 4*v - 28, r - 3*v = 6. Let t be x(r). Calculate h(t).
1
Let u = 702/281 + 1/562. Let w(f) be the first derivative of -2 + u*f**2 + f. Calculate w(2).
11
Let l(h) = -h**3 + 8*h**2 - 5*h - 7. Suppose v + 2*i = -69, 4*i - 359 = -2*v + 7*v. Let k = 78 + v. Calculate l(k).
7
Let p(h) = -3*h**2 - h - 1. Let w be p(-1). Let q be (-72)/32*8/w. Let s(l) be the second derivative of l**3/6 - l**2/2 + l. Calculate s(q).
5
Let n(t) = 2*t + 2. Let i = 92 - 42. Suppose 14*k + i = 4*k. What is n(k)?
-8
Let p(i) = i**2 + 522*i**3 + 2 - 268*i**3 - 258*i**3. Calculate p(2).
-26
Let z = 7 - 4. Suppose 0*d - 3*d = -12, z*x = 5*d - 32. Let q(g) = 3370 + 3*g - 1686 - 1682. Give q(x).
-10
Let a(f) = -f**3 - f**2 - 3*f - 4. Let i(t) = 3*t - 50. Let n be i(18). Let x(w) = -5*w + 17. Let b be x(n). What is a(b)?
23
Let z(f) = -3*f - 2. Let d(g) = 2*g**2 - 19*g + 32. Let u be d(7). What is z(u)?
7
Let x(a) = a**2 - 3*a - 7. Let f(j) = j - 4. Let c(i) = -4. Let v(o) = 4*c(o) - 3*f(o). Suppose -m + 7 = -l - l, -2*l = 5*m + 25. Let w be v(m). What is x(w)?
3
Let o(a) = -17*a**2 - 8*a**2 + 65*a**2 - a**2 - 14*a**2. Suppose -13 = p - 4*b, -4*p + b + b = 10. What is o(p)?
25
Suppose -6 = 2*p + 8. Let o(a) be the second derivative of -a**4/12 - 7*a**3/6 - 3*a**2/2 - 71*a. Calculate o(p).
-3
Let r(q) = -3*q - 1. Let p(t) = 4*t + 4. Let y(g) = 4*p(g) + 5*r(g). What is y(-15)?
-4
Let q be -6*4/24*-2. Suppose j = -q*j + 15. Let d(s) = j*s**2 - 3*s**2 + 0*s**2 - 3*s**2. Determine d(1).
-1
Let d(u) = 23*u**2 - 51 - 22*u**2 + 57. Give d(0).
6
Let p(r) be the first derivative of r**4/4 - 2*r**3 - 8*r + 2. Let a = -785 + 791. Determine p(a).
-8
Let p(u) be the third derivative of u**5/5 - u**4/24 + 2*u**2. Let z be ((64/(-160))/((-2)/5))/(-1). What is p(z)?
13
Suppose -g + 43 = 44. Let a(s) be the third derivative of -5*s**4/24 + s**2. Give a(g).
5
Let z = 1 + 3. Suppose -154 = -z*w + 5*v, 0 = -w + 3*w - 3*v - 78. Let t(b) = 1 + 0*b**3 + w*b**2 - 37*b**2 + b**3. Give t(2).
5
Let v = 6 + -16. Let r(y) be the second derivative of y**3/6 + y**2 + 718*y. Calculate r(v).
-8
Suppose 0*m - 30 = -5*m. Let k(c) = -c. Determine k(m).
-6
Let i(c) = c - 6. Let h be i(11). Let a(v) = -3*v - 18*v**2 + 17 - 3*v + 17*v**2 + h*v. Calculate a(0).
17
Suppose 171*t - 176*t = 100. Let a(z) = z**3 + 18*z**2 - 41*z - 17. What is a(t)?
3
Let j = 25 + -22. Let f(o) = -o + 0 + 2*o**